tive of q(v). Determine r(-3).
-3
Let h(l) be the third derivative of -l**6/120 + l**5/20 - l**4/8 - l**3/3 - 171*l**2 - 2*l. Determine h(2).
-4
Suppose -2*h = 2*y - 2, -3*y + 11 = -26*h + 27*h. Let l(m) = -m**2 + 3*m + 1. What is l(h)?
-27
Let t(w) be the third derivative of -w**4/8 + w**3/2 - 29*w**2 + 2. What is t(-1)?
6
Suppose -z = 4*z - 15. Let a(t) = -92*t + 21*t**2 + 0 - 8*t**2 - 10*t**2 + 87*t + 2 - t**3. Give a(z).
-13
Suppose 0 = -4*q + 12, -6*v - 2*q + 27 = -5*v. Suppose v*b + 20 = 16*b. Let j(m) = -m - 5. Determine j(b).
-1
Let f(x) = x**2 + 3951 - 23*x - 3950 + 21*x. Calculate f(0).
1
Let k(f) = -f + 2*f + 22*f + 15 - 22*f. Give k(-22).
-7
Suppose -2*d - d = -6. Suppose -16 = 2*i + m, -2*i + 3*m = d*i + 12. Let a(t) = 6 - 4*t - 2*t - 2 - t**2. Give a(i).
4
Suppose -2*c - 22 = -2*y, -3*y = -2*c - 18 - 11. Let w(b) = b**3 - 6*b**2 - 8*b - 1. What is w(y)?
-8
Suppose 0 = -6*x - 12*x + 108. Let i(o) be the third derivative of -o**4/24 - o**3/6 + o**2. Give i(x).
-7
Let m(g) = -4*g + 6. Let a(q) = -17*q + 25. Let j(k) = -25*k**3 - k**2 - 4*k - 2. Let p be j(-1). Let b(s) = p*m(s) - 6*a(s). Let r = -7 + 12. What is b(r)?
-4
Let f(z) = -z**2 - 4*z - 1. Let u be f(-3). Let q(s) = 2*s - 1 + 21*s**u + 4*s**2 - 12*s**2. Calculate q(1).
14
Let b(r) = -5*r + 1 + r - 1. Suppose 0 = -w + 3*p + 8, -16 + 33 = -5*w - 4*p. Give b(w).
4
Let d(j) be the second derivative of 1/6*j**3 + 0 + 3*j**2 - 8*j. What is d(-8)?
-2
Suppose 3*q + 3*r - 15 = 0, -q + 3 - 6 = -r. Let s(f) = -2*f + 1. Calculate s(q).
-1
Let t(c) = -6*c. Suppose -25*g - 21 + 146 = 0. What is t(g)?
-30
Let g be ((-2)/3)/((-6)/648*-4). Suppose -3*r = r + 40. Let i be (g/36)/((-1)/r). Let l(q) = -q**3 - 6*q**2 - 5*q. Determine l(i).
0
Suppose 22 - 2 = 5*u. Let s = 31 - 31. Suppose s = 5*y + 29 - u. Let t(g) = g**2 + 5*g + 6. Determine t(y).
6
Let f(l) = -2*l**2 - 12*l + 6. Let i be f(-6). Let h(u) = -7*u**3 - u**2 - 13*u - 15. Let p(d) = -8*d**3 - 14*d - 16. Let n(a) = i*p(a) - 7*h(a). What is n(-6)?
3
Let j(u) = 4 - 2*u + 1 - 8*u + 12*u. Determine j(6).
17
Let x(o) = -o**2 - 17*o - 21. Let v be 4/22 - (-356)/(-22). Let u be x(v). Let w(i) = -i**3 - 6*i**2 - 6*i. Give w(u).
5
Let b(q) = q**2 + q + 323. Let s be b(0). Suppose -3*v + s = -127. Let d(y) = -3*y**2 + 154*y - v*y + 4*y**2 - 3. Determine d(-6).
9
Let y(h) = -h + 12. Let c be y(9). Let x(g) = -10*g - 4. Determine x(c).
-34
Let t(p) = p**3 - 6*p**2 + 6*p - 3. Suppose 5*c = -0*c. Let q(r) = -r**3 - 20 - 8*r**2 + 7*r**2 + 10 + 15. Let m be q(c). What is t(m)?
2
Let q be ((-3)/9)/(1/(-6)). Let h(x) = -67*x**2 + 65*x**q - 7 + 5. Calculate h(3).
-20
Suppose -4*q - q = -10. Let l(y) = 2*y + 4 - 3 + 3*y**q + y - 24*y**3 + 25*y**3. Give l(-2).
-1
Let q(s) = -467*s**2 + 6*s - 3 + 468*s**2 + 3 - 5 + 2. Let l = -9 - -3. Determine q(l).
-3
Let y(d) = -8*d + 42 + d**2 - 64 + 30. What is y(7)?
1
Let q = 63 + -58. Suppose -5*i = -4*i - q, -c = -3*i + 18. Let p(w) = 3 - 6*w + 4*w + 4*w. Give p(c).
-3
Let a = -34 + 38. Let w(m) = 2*m + 2. Determine w(a).
10
Let c = -2 + 6. Let f(v) = -7*v + 21. Let q(b) = 8*b - 24. Let d(z) = -6*f(z) - 5*q(z). What is d(c)?
2
Let j(u) = u**3 + 6*u**2 + 4*u - 3. Let p be (-32)/(-40)*(-3 + -2). What is j(p)?
13
Let i be 10 + -23 + -2 + 5. Let w(r) = -r**2 - 9*r + 6. Let n be w(i). Let a(k) = 2*k + 3. What is a(n)?
-5
Let o(h) = -h**2 - 7*h. Suppose 3*a - a = 58. Let n = a - 35. Determine o(n).
6
Let u(j) = -7 + 0*j**2 + j - 12*j + 0 + 0*j**2 - j**2. Give u(-9).
11
Let d(l) = 1. Let s(x) = x - 1. Let g(a) = -3*d(a) - s(a). Suppose 1948*n - 10 = 1958*n. What is g(n)?
-1
Let z(y) = -y**2 + 3*y + 2. Suppose -3*r + 4 = -4*r. Let q = r + 4. Let b = q + 5. Give z(b).
-8
Let v be 3 + 0 - ((-8)/2)/2. Let l(x) = 61 - 200 + 68 + 69 - x**2 + v*x. Determine l(6).
-8
Let o(q) = -2*q**3 + 2*q**2 + 2*q. Suppose 0 = -5*j + j - 108. Suppose 2*c - 92 = -f, 3*c - 2*c = 3*f + 39. Let t be 1/3 - c/j. Determine o(t).
-4
Let l = 219 + -211. Let k(c) = c**2 - 11*c + 3. Give k(l).
-21
Suppose -2*b - 3*w + 37 = -53, -2*b - 4*w = -92. Let j = b + -15. Let i = 25 - j. Let d(o) = -o**3 - 3*o**2 - 4*o - 3. Calculate d(i).
1
Suppose 2*v - 4*v = 36. Let x = 12 + v. Let j(t) = t + 1. Let r(z) = -2*z - 1. Let i(g) = -5*j(g) - 3*r(g). Give i(x).
-8
Let h(j) be the second derivative of -j**5/20 - 5*j**4/12 + j**3/3 + j**2/2 - 4*j - 3. Let q = 2 + 0. Let r be q/(-4) + 9/(-2). What is h(r)?
-9
Let t(c) = 2 + 12*c + 10*c - 20*c - 3*c. What is t(-10)?
12
Let b be (-5)/(-25) + (-58)/(-10). Let d(h) be the second derivative of h**4/12 - 7*h**3/6 + 3*h**2/2 - 62*h. Give d(b).
-3
Let q be ((-3)/2*-2)/(3/7). Let t(g) = -q*g - 3 + 3 - 7 - g**2. Let l(x) = x**3 - x + 1. Let y be l(-2). Calculate t(y).
3
Let m(j) = j - j**2 - 2*j - 3 + 4*j. Suppose 93 = 12*k - 207. Let x be -6*2/10*k/(-10). What is m(x)?
-3
Suppose -a + 0 = -4*r + 14, 2*a = -5*r + 24. Let o(b) = -2*b - 10. Let l be o(-7). Let v(p) = -l + 3 + a*p + p. Calculate v(1).
2
Suppose 0*l + 2*l = 6. Suppose 3 = -j - l. Let b(i) be the first derivative of i**4/4 + 5*i**3/3 - 3*i**2 - 4*i - 58. Calculate b(j).
-4
Let u(n) = 8*n**2 - 27*n - 2. Let p(j) = -3*j**2 + 13*j + 2. Let r(h) = 5*p(h) + 2*u(h). Calculate r(-8).
-18
Let c = -6896 - -6903. Let u(s) = 7*s + 0*s**2 - 2 - s**2 + 4. Determine u(c).
2
Suppose -5*d = 3*h - 4, -h + 12 = 4*h + 3*d. Let l(p) = -2*p + 2*p + 7 + h*p - 2*p. Determine l(-6).
1
Let c(d) = -d**3 + 4*d**2 + 7*d + 1. Let v(o) = -3*o + 2. Let i = -31 - -30. Let b be v(i). What is c(b)?
11
Let m be 1/3 - (-112)/24. Let v(k) = m + 0 + 9*k - 6. Determine v(1).
8
Let l = 20 + -10. Suppose -2 = -4*r - l. Let c(o) = 10*o**3 - 3*o**2 - o + 4. Let q(g) = 9*g**3 - 2*g**2 - g + 3. Let v(k) = -5*c(k) + 6*q(k). What is v(r)?
-20
Let n be 92/(-506) - 26/(-22). Let h(s) = -6*s**3 - 4*s**2 + 3*s**2 + 2*s**3. What is h(n)?
-5
Suppose 2*d + 4 = 0, -5*b + b - d = -10. Let w be ((-6)/7)/(b/(-42)). Let g = w + -14. Let s(h) = -6*h - 2. Give s(g).
10
Suppose 0 = 5*p + 5, 0*p + 14 = -4*m - 2*p. Let h(f) = f**3 + 3*f**2 + 4*f + 6. Let q be h(m). Let n(k) = -k - 7. Calculate n(q).
-1
Let o(z) = 2*z**3 - 6*z**2 + 4*z - 6. Let h be o(4). Let f = -21 + h. Let s(m) = m**2 + f*m + 4 - 11*m - 15*m. What is s(5)?
4
Let b(g) = g**3 - 8*g**2 - 9*g + 6. Suppose 6*a = 279 + 75. Let x = -50 + a. Determine b(x).
6
Let j(i) = -i - i + i + 74 + 3*i - 83. What is j(7)?
5
Suppose 0 = 4*b - 4*i + 4, -5*b - 3*i + 23 = -3*b. Suppose 4*v - 5*m + 13 = 0, -3*v - 1 = b*m + m. Let n(g) = 2 + g**2 - 2*g**2 + 70*g - 1 - 74*g. What is n(v)?
5
Let g(n) = n**2 - 8*n + 10. Suppose 4*f + 5*h + 18 = 0, 3*f + 3*h + 21 - 6 = 0. Let y be f/(((-10)/(-30))/(2/(-6))). Give g(y).
3
Let g be (-7)/((-28)/8)*6. Suppose 0 = g*u - 21 - 3. Let w(y) = -y + 1. Let m(l) = 8*l - 10. Let n(q) = 2*m(q) + 20*w(q). Determine n(u).
-8
Suppose 0 = 4*n - 7*n + l - 7, -4*n + 4*l + 4 = 0. Let p(v) = 3 - 2 + v**2 + 3*v + 1. Calculate p(n).
6
Let k(x) be the third derivative of -x**6/120 + x**5/20 + 5*x**4/24 + x**3/6 + 6*x**2. Let d be (-4)/(-3)*(-23 + 26). Calculate k(d).
5
Let o(t) = -4 + 5 + 2*t - 4 + 5. Suppose 12 = -5*g + g. Give o(g).
-4
Let w(r) = 5*r**2 + 2*r + 1. Suppose 14*p - 6 = 12*p. Suppose -7*y - 8 = -p*y. What is w(y)?
17
Let r(o) = 13*o + 8 - 32*o + 10*o + o**2 + o**3 + 10*o. What is r(0)?
8
Let q be (3 + -4)*(7 + 3). Let x(g) = -g**3 - 11*g**2 - 12*g. Calculate x(q).
20
Let k be (-6)/(-33)*-1 + 2/11. Let x(o) be the second derivative of -1/3*o**3 - o**2 + 2*o + k. Calculate x(2).
-6
Let x(s) = -4*s - 3. Let i(a) = -a**2 - a + 10. Let f be i(-4). Calculate x(f).
5
Let a(q) = 4*q - 1. Suppose -54 = -n + 4*s, 5*n = -0*s - 3*s + 155. Let h = n - 32. Calculate a(h).
7
Let x(z) be the first derivative of -z**2/2 - 14*z - 29. What is x(-11)?
-3
Let p(r) = 28*r**3 + 2*r - 1. Let d be (-7 - 0) + (3 - -5). Determine p(d).
29
Let f(x) = x**3 - 5*x**2 + 4*x + 6. Suppose 2*u = -16*k + 21*k + 5, -22 = -4*u - 2*k. Determine f(u).
26
Let h(s) = -s - 3. Let b be (-25 + 18)*(-1)/1. Suppose 68 - 19 = -b*j. Determine h(j).
4
Let z(s) = 9*s + 5. Let t(y) = -17*y - 6. Let n(x) = 3*t(x) + 5*z(x). What is n(6)?
-29
Suppose v - 3*m = 8, v = 2*v + 2*m + 2. Let s(z) = -z + 13. Let n(p) = p - 12. Let y(w) = v*n(w) + 3*s(w). Determine y(7).
8
Suppose 0 = 3*r - 13 - 2. Let i(y